3/3 - 52*j**2. Determine q(-14).
0
Let m be (708/(-21))/4 - 16/28. Suppose 4*k = -0*y + y + 26, -5*k + 13 = 2*y. Let j be (y/(-4))/(m/18). Let q(z) = -z**3 - 4*z**2 - 3*z + 1. What is q(j)?
1
Let f(x) = 3*x**2 - 23*x - 15. Let y(h) = -h**2 + 11*h + 8. Let p(v) = 2*f(v) + 5*y(v). Suppose -48*t + 5*t - 301 = 0. Calculate p(t).
-4
Suppose 2*a + a - 4 = -2*v, -2*v + 4 = -4*a. Let p(s) = -v*s + 3 - 2*s**3 + s**3 - s**2 - 2 + 5*s**2. Calculate p(3).
4
Let i(a) = -a - 2. Let p(w) = w**3 - w**2 - 2*w - 151. Let x be p(0). Let c = x + 143. Give i(c).
6
Let u = -25 + 23. Let k(s) = 6*s**2 + 6*s + 4. Let v(b) = 3*b**2 - 2 + 1 + 8*b**2 + 8 + 11*b. Let g(f) = -5*k(f) + 3*v(f). Calculate g(u).
7
Let u = -36 + 36. Let v(y) = 0*y**2 + u*y**2 - 25 + 16 + y**2. Calculate v(0).
-9
Let f(w) = -w**2 + 5*w - 1. Let b be f(5). Let k(m) = m**2 + m - 4. Let y be k(-3). Let z(h) = h**3 - 3*h**2 - y*h**2 - h + 6*h**2. Calculate z(b).
1
Let j be ((-16)/20)/((-1)/(-5)). Let b(h) = h**2 + 0*h**2 - 3*h - 2 - 3*h**2 + h**2. Let z be b(j). Let u(s) = -s**3 - 5*s**2 + 6*s + 4. Give u(z).
4
Let p(g) be the first derivative of -g**2/2 - g + 13. Let n(m) = 2*m**2 + 12*m + 8. Let c(q) = n(q) + 10*p(q). Determine c(-4).
22
Let k(u) = u**2 + 2*u - 3. Let q be k(5). Let w = q - 22. Let i = w - 5. Let c(a) = a**3 - 4*a**2 - 5*a. Calculate c(i).
0
Suppose 5*s - s = 828. Suppose s = 4*k + 3*h, 5*h - h - 68 = -k. Let a(c) = -50 + k + 0*c + c. Calculate a(-3).
-5
Let u(z) be the second derivative of -z**4/3 + z**3/2 + 2*z**2 - 114*z. What is u(-2)?
-18
Let y(i) = i**3 + 7*i**2 + 6*i + 2. Let b be y(-6). Let a(p) = 19 - p - 19 - p - p**b + p**3. Suppose 0*d + d = 2*x + 8, d = -4*x - 22. Give a(d).
-8
Let m(i) = -i - 2 + 3 - 2 - 2. Let q be 2/3 + 50/6. Let p = 13 - q. Calculate m(p).
-7
Suppose 2*m - 6*a = 5*m + 3, 4*a = 4*m - 20. Let p(x) = -2*x**2 + 3*x - 2. Calculate p(m).
-11
Suppose -6*s + 0*s = -18. Suppose 4*d - s = -7. Let r(o) be the second derivative of -o**4/6 - o. Determine r(d).
-2
Let f(g) = -2*g + 5. Suppose 0 = -5*b - 2*h + 79, -h = h - 4. Suppose b*v - 8*v + 91 = 0. Let u be v/(-3) + 21/(-63). What is f(u)?
-3
Suppose a - 21 = -4*k, -4 = 5*a - 2*k - 21. Suppose 35 = 5*n - 4*z - 6, 4*n + a*z = 0. Let q(j) = 4*j - 4*j + j**2 - 6 - 3*j. Calculate q(n).
4
Suppose 2*h + s = 247, 0*h + 3*h = -4*s + 363. Let p = 120 - h. Let l(r) = r**2 + 4*r - 4. What is l(p)?
1
Let q(t) be the second derivative of 4*t**3/3 - t**2/2 - 117*t. Let l = -12 + 13. What is q(l)?
7
Let g(v) be the first derivative of -v**3/3 + 4*v**2 - 3*v + 216. Give g(8).
-3
Let r(z) be the first derivative of -z**3/3 - 5*z**2/2 - z + 35. Determine r(-2).
5
Let y be 18/(-3) - 2/(-2). Let o(s) = -7*s + 2. What is o(y)?
37
Let l be (6 - 174/30) + (-22)/10. Let p(d) = d**2 - 2*d - 1. Let y(c) = -4*c**2 + 9*c + 5. Let q(u) = -18*p(u) - 4*y(u). Determine q(l).
-10
Let g be ((20/(-2))/(-2))/(-1). Let b(r) = -4*r - 5. Let z = -15 + 14. Let y(m) = -m - 1. Let l(w) = z*b(w) + 3*y(w). Give l(g).
-3
Let r(c) = -c**2 - 7*c - 3. Suppose -3*l + 34 = 2*h - 38, 0 = -5*h. Suppose l*d - 7 = 25*d. Determine r(d).
-3
Let f(m) be the second derivative of -m**7/840 + m**6/120 + m**5/60 - m**4/24 + m**3/6 + 14*m. Let x(r) be the second derivative of f(r). Determine x(4).
-9
Suppose -14 = 230*z - 229*z. Let p(k) = k**3 + 15*k**2 + 16*k + 5. Determine p(z).
-23
Let t(m) = 5 - m - m**2 - 27*m**3 + 14*m**3 + 16*m**3. Let p(u) = -4*u**3 + 2*u**2 + 2*u - 6. Let h(d) = -2*p(d) - 3*t(d). What is h(0)?
-3
Let s(v) = v**2 - 4*v - 4. Suppose j = -3*t - 45, 0 = 4*t - j + 3*j + 62. Let m be (19 - -1) + (-1)/1. Let k = t + m. Calculate s(k).
1
Let z(q) = -6*q - 2. Let f(w) = w. Let m(h) = -5*f(h) - z(h). Let p be (-1)/(-4) - 1/4. Suppose p*d + 12 = 2*d - 4*r, 3*r = -2*d + 12. What is m(d)?
8
Let g(u) be the second derivative of -17*u + 1/6*u**3 + 0 + 7*u**2. Give g(-6).
8
Let c(q) = -8 - 2*q - q + 2*q. Let a(l) = 68*l**2 + 2*l - 4*l + 2 - 69*l**2. Let x be a(-4). Determine c(x).
-2
Let f be 1 + 13 + -2 + 1 + -1. Let q(z) = -z**3 + 11*z**2 + 14*z - 7. Give q(f).
17
Let r(i) = i**3 - i. Let b be r(1). Suppose b = 5*d - 0 - 10. Let h(z) = z - 1. Let c(m) = 5*m - 5. Let y(q) = 4*c(q) - 22*h(q). What is y(d)?
-2
Let i(b) = 9*b + 10*b + 2 - 26*b. Let w(m) = -27*m + 9. Suppose 0 = 2*h - 3*h + 15. Let c(y) = h*i(y) - 4*w(y). What is c(4)?
6
Let f(h) = -5*h - 6. Suppose 8 = -3*w + 5*w. Suppose 0 = -9*v + 8*v - w. Calculate f(v).
14
Let c(y) = -y**2 + 11*y + 3. Let s(f) = f + 1. Let q(n) = c(n) - 2*s(n). Let m be q(9). Suppose 0 = -5*t - m + 11. Let u(b) = b**3 + b**2 - 2*b. Give u(t).
8
Let t(f) be the first derivative of 11 - 1/3*f**3 - 9*f - 4*f**2. Determine t(-6).
3
Suppose 7*f - 14 = 9*f. Let w(c) = -c**3 - 8*c**2 - 6*c + 1. What is w(f)?
-6
Let k(g) be the first derivative of 1/2*g**2 - g**3 - 1/4*g**4 - 3*g + 10. Give k(-3).
-6
Let r(a) = -2*a**2 + a. Let m = 62 - 42. Let q(k) = -k + 18. Let y be q(m). Calculate r(y).
-10
Let c(u) = 442*u + 3. Let s(w) = 530*w + 3. Let j(n) = -6*c(n) + 5*s(n). Suppose 2*x + f - 4 = -7, -f = 5*x + 15. What is j(x)?
5
Let n(f) = -f**2 - 6*f + 5. Let q(x) = x**3 - 7*x**2 + 7*x - 17. Let d be q(7). Suppose 0 = 7*y + d + 17. Determine n(y).
-2
Let m(j) be the first derivative of -5*j**2/2 - j - 6. Suppose -v + 48 = 47. Determine m(v).
-6
Let b(a) = a - 5. Let q(i) = -5*i + 22. Let o(p) = -6*b(p) - q(p). Calculate o(13).
-5
Let u be -4 + 6/(0 - 6). Let z(j) = -j**3 - 5*j**2 + j + 12. Give z(u).
7
Let i(x) = x - 1. Let h(w) = w**2 - 3*w - 36. Let n be h(8). Determine i(n).
3
Let q(y) be the third derivative of 0 + 4*y**2 + 1/120*y**5 - 1/6*y**4 - 7/6*y**3 + 0*y. Let t(l) be the first derivative of q(l). Give t(-5).
-9
Let j(c) be the second derivative of c**5/20 - c**4/3 + c**3/6 - c**2/2 + 65*c. Give j(3).
-7
Suppose 0 = -10*a + 7*a + 2*z + 29, -4*a + 5*z = -48. Let t(p) = p**3 - 6*p**2 - 5*p + 4. Give t(a).
18
Suppose 4*c + 8 = 0, 4*c - 4 = 5*n - 12. Let t(v) = -5*v + 3*v + 3*v + n*v - 8. Let h(z) = -3*z + 1. Let a be h(-2). Calculate t(a).
-1
Suppose -4*r + q = -0*q - 11, -5*r = 5*q + 5. Let o(k) = -1 - 2 + 4*k**r - 5*k**2 + 4*k. Suppose -41*j - 9 = -44*j. Calculate o(j).
0
Let u(g) = g**3 + g - 4*g**2 - 5 - 2*g + 0*g + 4*g. Suppose -3*t + 7 = -5. Determine u(t).
7
Let v(y) be the third derivative of -y**7/5040 + y**6/180 - 2*y**5/15 - 11*y**2. Let t(k) be the third derivative of v(k). Give t(8).
-4
Let s = 793/24 - 33. Let y(u) be the third derivative of 0*u + 0 + 1/20*u**5 - s*u**4 - 8*u**2 - 1/6*u**3. Calculate y(-1).
3
Let w(i) = 4*i + i**2 + i - 4*i - 77 + 66. Suppose -4*f = q, 2*q = -2*f + 5*f. What is w(q)?
-11
Let l(j) = -175 + 5*j**2 - j**3 + 17*j - 10*j + 175. Give l(5).
35
Let d = 17 - 11. Let l be (-8 + d)/(0 + -2). Let c(g) = 6*g**2 - g. Determine c(l).
5
Let z(b) = -1 - 2 + 9 - b - 2 + 5. Give z(-8).
17
Let t be 9/(-36) - (5 + 51/(-12)). Let o(y) = 6*y**3 - 2*y - 1. Calculate o(t).
-5
Suppose 5*q + 2*z + 6 = 0, z + 12 = -3*z. Let k = -14 - -19. Let a(r) = -r**2 - r**3 - k + 123*r - 123*r. Give a(q).
-5
Let j(v) = -5*v**2 + 17*v - 8. Let n(h) = -h**2 + 3*h - 3. Let b(l) = j(l) - 4*n(l). What is b(11)?
-62
Let d(w) = 3*w - 3. Let g be (1 - (-9)/(-5))*-25. Let v(k) = 9 + 4 + 5*k - g. Let h(t) = -7*d(t) + 4*v(t). Give h(-5).
-2
Let t(q) = -q**3 + 15*q**2 - q + 18. Let j be t(15). Suppose -2*v - o - 3 = 0, j*v - 4*o - 12 + 44 = 0. Let s(r) = -3*r - 6. Give s(v).
6
Let r(j) = -j**2 + 5*j + 5. Suppose -5*d = -0*d. Let m(y) = d*y - 3*y + 2*y + 0*y. Let w be m(-5). What is r(w)?
5
Let t(h) = -h + 2. Suppose -5*v + 1 = i - 3, -i = 3*v - 4. Suppose b + 10 = n - 2*b, -2*n + i*b = -22. Suppose -n = -3*l + 2. What is t(l)?
-3
Let l(v) = 3*v**2 + 3*v - 2*v**2 + 0*v**2 - 2 + 0*v**2. Suppose -5*k - a = 18, 4*k + 24 = k - 5*a. Calculate l(k).
-2
Let t(u) = u**2 - 12*u + 2. Let v = 2108 + -2097. What is t(v)?
-9
Let w be (10 - 20/2)*2/(-4). Let v be 1/2*(3 - 1). Let j(a) = -2*a + a + v + 1 + a**2. Determine j(w).
2
Let x be ((-40)/(-4) - -3)*-1. Let y = 27 + x. Let v be 4/(-28) + (-26)/y. Let p(i) = -4*i - 1. Calculate p(v).
7
Let i(b) = b**3 - b**2 + 5. Let l be (-32)/8*(1 + (-10)/4). Let q be (-2)/l*(-7 - -7). Determine i(q).
5
Let l(a) = 0*a + 9 - 2*a + 15*a - 9*a - a. Give l(-7).
-12
Let z(n) = n**3 + 9*n**2 + 9*n - 9. Let